 of 1251347.
103, 12149
List the prime factors of 13338088.
2, 103, 16187
What are the prime factors of 249137?
7, 35591
What are the prime factors of 16494348?
2, 3, 13, 105733
List the prime factors of 32628143.
353, 92431
What are the prime factors of 688755?
3, 5, 17, 37, 73
List the prime factors of 5867660.
2, 5, 397, 739
List the prime factors of 23651946.
2, 3, 31, 71, 199
What are the prime factors of 3516364?
2, 797, 1103
List the prime factors of 259814.
2, 37, 3511
List the prime factors of 301840.
2, 5, 7, 11
What are the prime factors of 328630?
2, 5, 59, 557
What are the prime factors of 103159?
7, 14737
What are the prime factors of 8327834?
2, 1999, 2083
List the prime factors of 2551610.
2, 5, 31, 8231
List the prime factors of 246124.
2, 37, 1663
What are the prime factors of 213042?
2, 3, 35507
What are the prime factors of 1580067?
3, 19507
What are the prime factors of 41946892?
2, 13, 806671
What are the prime factors of 180518?
2, 13, 53, 131
List the prime factors of 728131.
728131
What are the prime factors of 1592980?
2, 5, 23, 3463
What are the prime factors of 31283106?
2, 3, 47, 110933
List the prime factors of 31620.
2, 3, 5, 17, 31
List the prime factors of 20771988.
2, 3, 1730999
List the prime factors of 336508.
2, 84127
What are the prime factors of 17282?
2, 8641
What are the prime factors of 1875588?
2, 3, 11, 13, 1093
What are the prime factors of 27489538?
2, 313, 43913
What are the prime factors of 1472742?
2, 3, 9091
What are the prime factors of 129337?
13, 9949
List the prime factors of 31032726.
2, 3, 29, 178349
List the prime factors of 1525039.
1525039
What are the prime factors of 498145?
5, 67, 1487
List the prime factors of 34849530.
2, 3, 5, 59, 6563
List the prime factors of 21486844.
2, 17, 31, 10193
What are the prime factors of 22732748?
2, 61, 151, 617
What are the prime factors of 13196485?
5, 43, 61379
List the prime factors of 25902702.
2, 3, 7, 167, 1231
List the prime factors of 526521.
3, 293, 599
What are the prime factors of 187188?
2, 3, 19, 821
List the prime factors of 135748.
2, 33937
List the prime factors of 3673397.
7, 13, 37, 1091
What are the prime factors of 875612?
2, 457, 479
List the prime factors of 852552.
2, 3, 3947
What are the prime factors of 2657195?
5, 113, 4703
List the prime factors of 159315.
3, 5, 13, 19, 43
What are the prime factors of 439170?
2, 3, 5, 14639
What are the prime factors of 398994?
2, 3, 66499
List the prime factors of 22224.
2, 3, 463
What are the prime factors of 4227586?
2, 11, 59, 3257
What are the prime factors of 1271049?
3, 13, 23, 109
List the prime factors of 8993012.
2, 7, 509, 631
What are the prime factors of 575956?
2, 109, 1321
List the prime factors of 431388.
2, 3, 23, 521
What are the prime factors of 7374238?
2, 3687119
List the prime factors of 346623.
3, 43, 2687
List the prime factors of 145956.
2, 3, 12163
What are the prime factors of 2059721?
2059721
List the prime factors of 191006.
2, 43, 2221
List the prime factors of 94159.
13, 7243
What are the prime factors of 459531?
3, 51059
What are the prime factors of 10739368?
2, 571, 2351
What are the prime factors of 24434912?
2, 19, 40189
What are the prime factors of 350229?
3, 11, 10613
What are the prime factors of 4770919?
19, 293, 857
What are the prime factors of 31253?
31253
List the prime factors of 5536898.
2, 2768449
What are the prime factors of 20539996?
2, 157, 32707
List the prime factors of 1460352.
2, 3, 3803
List the prime factors of 2036427.
3, 678809
What are the prime factors of 5669913?
3, 277, 6823
What are the prime factors of 14032?
2, 877
List the prime factors of 335781.
3, 37309
What are the prime factors of 2431625?
5, 7, 397
What are the prime factors of 1680998?
2, 11, 109, 701
List the prime factors of 307423.
307423
List the prime factors of 205478.
2, 7, 13, 1129
List the prime factors of 9399730.
2, 5, 939973
What are the prime factors of 3747407?
43, 87149
What are the prime factors of 8472769?
1567, 5407
List the prime factors of 434298.
2, 3, 72383
What are the prime factors of 5152100?
2, 5, 51521
What are the prime factors of 3783470?
2, 5, 19, 19913
List the prime factors of 327316.
2, 11, 43, 173
What are the prime factors of 439696?
2, 27481
List the prime factors of 22742428.
2, 5685607
List the prime factors of 2543279.
2543279
List the prime factors of 1490689.
251, 5939
List the prime factors of 255790.
2, 5, 25579
List the prime factors of 426953.
109, 3917
What are the prime factors of 258724?
2, 71, 911
What are the prime factors of 144079?
13, 11083
What are the prime factors of 2609766?
2, 3, 31, 1559
List the prime factors of 450195.
3, 5, 30013
What are the prime factors of 1161563?
13, 199, 449
What are the prime factors of 14548?
2, 3637
What are the prime factors of 322436?
2, 149, 541
List the prime factors of 745136.
2, 7, 6653
List the prime factors of 3461828.
2, 865457
What are the prime factors of 85338?
2, 3, 11, 431
List the prime factors of 41562.
2, 3, 2309
List the prime factors of 423974.
2, 59, 3593
What are the prime factors of 245866?
2, 269, 457
What are the prime factors of 1237172?
2, 309293
List the prime factors of 251796.
2, 3, 20983
List the prime factors of 6403662.
2, 3, 17, 1231
What are the prime factors of 7546942?
2, 13, 109, 2663
What are the prime factors of 9532527?
3, 53, 167, 359
What are the prime factors of 2365371?
3, 262819
List the prime factors of 164061.
3, 18229
List the prime factors of 1383741.
3, 153749
List the prime factors of 410936.
2, 31, 1657
What are the prime factors of 1094099?
1094099
List the prime factors of 5893111.
7, 841873
What are the prime factors of 6644929?
769, 8641
List the prime factors of 23254.
2, 7, 11, 151
List the prime factors of 140537.
313, 449
What are the prime factors of 2738589?
3, 7, 130409
What are the prime factors of 310343?
11, 89, 317
List the prime factors of 3701056.
2, 57829
What are the prime factors of 4136662?
2, 97, 21323
What are the prime factors of 31341?
3, 31, 337
List the prime factors of 741293.
7, 105899
List the prime factors of 13264.
2, 829
List the prime factors of 30635362.
2, 15317681
What are the prime factors of 2535011?
1217, 2083
List the prime factors of 471560.
2, 5, 11789
What are the prime factors of 2396844?
2, 3, 22193
List the prime factors of 2049679.
2049679
What are the prime factors of 255432?
2, 3, 29, 367
What are the prime factors of 1063943?
19, 55997
List the prime factors of 1170138.
2, 3, 195023
What are the prime factors of 2556353?
31, 82463
What are the prime factors of 7136939?
61, 79, 1481
What are the prime factors of 4736210?
2, 5, 397, 1193
What are the prime factors of 222017?
53, 59, 71
What are the prime factors of 12847925?
5, 513917
List the prime factors of 82350.
2, 3, 5, 61
What are the prime factors of 9007715?
5, 229, 7867
List the prime factors of 6044997.
3, 7, 287857
What are the prime factors of 15806004?
2, 3, 79, 16673
List the prime factors of 326619.
3, 12097
List the prime factors of 7522938.
2, 3, 417941
List the prime factors of 2762644.
2, 690661
What are the prime factors of 9441518?
2, 19, 248461
List the prime factors of 14291190.
2, 3, 5, 158791
List the prime factors of 342616.
2, 113, 379
List the prime factors of 11140371.
3, 11, 131, 859
List the prime factors of 7909270.
2, 5, 790927
List the prime factors of 578153.
17, 71, 479
What are the prime factors of 1267275?
3, 5, 61, 277
What are the prime factors of 1984283?
7, 467, 607
What are the prime factors of 25340394?
2, 3, 307, 13757
What are the prime factors of 335517?
3, 7, 13, 1229
List the prime factors of 838298.
2, 349, 1201
What are the prime factors of 1012206?
2, 3, 13, 19, 683
What are the prime factors of 1336473?
3, 49499
What are the prime factors of 7088674?
2, 1583, 2239
List the prime factors of 5058734.
2, 2529367
List the prime factors of 21157977.
3, 2333, 3023
What are the prime factors of 220105?
5, 44021
List the prime factors of 157243.
157243
What are the prime factors of 117318?
2, 3, 19553
What are the prime factors of 12653289?
3, 11, 23, 5557
What are the prime factors of 1784868?
2, 3, 59, 2521
List the prime factors of 661011.
3, 13, 17, 997
List the prime factor